mon factor of 905745 and 75.
15
What is the highest common factor of 8930 and 430?
10
What is the highest common factor of 55701 and 135?
27
Calculate the greatest common factor of 431802 and 69.
69
What is the highest common divisor of 570 and 2880210?
570
What is the greatest common factor of 145 and 1505?
5
Calculate the greatest common factor of 1533 and 1141574.
511
Calculate the greatest common factor of 9 and 100773.
9
What is the greatest common divisor of 257 and 508603?
257
What is the highest common divisor of 209 and 2992?
11
What is the highest common factor of 520 and 11752?
104
What is the highest common factor of 1183 and 95147?
169
Calculate the greatest common divisor of 33 and 62425.
11
What is the highest common factor of 255600 and 5040?
720
Calculate the greatest common divisor of 353171 and 91.
91
What is the highest common factor of 160424 and 32?
8
What is the greatest common factor of 5194 and 93704?
106
What is the greatest common factor of 39984 and 7752?
408
Calculate the highest common divisor of 49106 and 55958.
1142
Calculate the greatest common divisor of 47392 and 32.
32
Calculate the greatest common factor of 43771 and 233051.
1183
Calculate the greatest common factor of 6543 and 117.
9
Calculate the highest common factor of 1165050 and 450.
450
What is the greatest common factor of 37 and 269767?
37
Calculate the greatest common factor of 6237 and 616.
77
Calculate the highest common divisor of 240898 and 56.
14
Calculate the highest common divisor of 123176 and 1211.
173
What is the highest common factor of 136 and 581128?
136
Calculate the greatest common divisor of 2115 and 2679.
141
Calculate the highest common factor of 10 and 173890.
10
Calculate the highest common factor of 166842 and 78.
78
What is the greatest common divisor of 186686 and 1614?
538
What is the highest common divisor of 12 and 13436?
4
What is the greatest common divisor of 230 and 200215?
115
What is the highest common factor of 83159 and 3035?
607
What is the highest common factor of 20352 and 2768?
16
Calculate the greatest common factor of 192024 and 108.
108
Calculate the greatest common divisor of 4689 and 945.
9
Calculate the greatest common divisor of 883980 and 60.
60
Calculate the highest common factor of 792 and 225000.
72
What is the highest common divisor of 97 and 288187?
97
What is the greatest common divisor of 71137 and 319?
319
What is the highest common factor of 10266 and 37878?
354
Calculate the highest common divisor of 17 and 231421.
17
What is the greatest common divisor of 5440 and 19712?
64
Calculate the greatest common divisor of 1588 and 42.
2
Calculate the highest common factor of 781 and 26763.
11
What is the highest common divisor of 252 and 70182?
126
Calculate the greatest common factor of 1359956 and 52.
52
Calculate the highest common factor of 9218 and 111454.
838
What is the greatest common divisor of 10836 and 5848?
172
What is the greatest common divisor of 608 and 9500?
76
Calculate the greatest common divisor of 13 and 2567591.
13
Calculate the greatest common factor of 1152 and 58496.
128
Calculate the highest common factor of 18792 and 4104.
216
Calculate the highest common divisor of 9711 and 428363.
1079
What is the greatest common factor of 111 and 396?
3
Calculate the greatest common factor of 2 and 23770.
2
What is the greatest common divisor of 81522 and 37800?
126
What is the highest common divisor of 9083 and 36625?
293
What is the greatest common divisor of 132 and 12815?
11
Calculate the greatest common factor of 697672 and 1480.
296
Calculate the highest common divisor of 51 and 6715.
17
What is the highest common factor of 50 and 11870?
10
What is the highest common factor of 42008 and 236?
236
What is the highest common divisor of 528241 and 483?
161
Calculate the greatest common divisor of 274097 and 67.
67
What is the greatest common divisor of 1649 and 23377?
97
Calculate the greatest common divisor of 600 and 13320.
120
Calculate the greatest common factor of 36 and 2144628.
36
What is the greatest common divisor of 1106 and 11534?
158
Calculate the greatest common divisor of 50317 and 6499.
67
What is the greatest common factor of 51646 and 1078?
98
What is the highest common factor of 69 and 231150?
69
What is the highest common divisor of 205 and 34399?
41
What is the highest common factor of 5373870 and 246?
246
What is the highest common factor of 6980 and 1420?
20
What is the highest common factor of 2800 and 616?
56
What is the greatest common divisor of 96 and 282?
6
Calculate the highest common divisor of 56 and 567.
7
Calculate the highest common divisor of 105306 and 36.
6
What is the greatest common factor of 489 and 22168?
163
What is the greatest common divisor of 18 and 140013?
9
What is the greatest common divisor of 54 and 64224?
18
Calculate the highest common factor of 20544 and 64.
64
Calculate the highest common divisor of 137940 and 39444.
228
What is the greatest common divisor of 436 and 739238?
218
What is the greatest common factor of 264 and 192948?
12
What is the highest common divisor of 145397 and 56?
7
What is the highest common divisor of 281428 and 532?
532
Calculate the greatest common divisor of 17 and 26979.
17
Calculate the greatest common divisor of 36500 and 19126.
146
Calculate the greatest common divisor of 92 and 1676.
4
What is the highest common factor of 50 and 135?
5
Calculate the highest common factor of 12474 and 77.
77
Calculate the greatest common factor of 1822 and 38.
2
Calculate the highest common divisor of 231 and 35364.
21
What is the highest common divisor of 15450 and 58350?
150
What is the greatest common factor of 80 and 2588?
4
What is the greatest common divisor of 1006671 and 3?
3
What is the highest common divisor of 38374 and 42?
14
What is the highest common factor of 16680 and 75000?
120
Calculate the highest common factor of 3074 and 2726.
58
Calculate the highest common factor of 1132 and 72.
4
Calculate the greatest common divisor of 31246 and 612.
34
What is the greatest common factor of 86 and 556334?
86
What is the highest common factor of 49 and 5661803?
49
Calculate the greatest common divisor of 23653 and 31.
31
What is the greatest common factor of 133 and 25726?
19
What is the highest common factor of 178631 and 73?
73
Calculate the highest common factor of 258 and 11180.
86
Calculate the highest common divisor of 1065 and 16145.
5
Calculate the highest common divisor of 461941 and 21199.
493
What is the greatest common divisor of 50 and 90325?
25
What is the greatest common factor of 885 and 74?
1
Calculate the greatest common divisor of 812 and 2716.
28
Calculate the highest common divisor of 30878 and 4.
2
What is the greatest common divisor of 8583519 and 63?
21
What is the greatest common factor of 996 and 11786?
166
What is the greatest common factor of 46 and 1134061?
23
Calculate the greatest common divisor of 12 and 533796.
12
What is the greatest common divisor of 259455 and 1155?
105
What is the greatest common factor of 6344 and 100711?
793
Calculate the greatest common factor of 464 and 28043.
29
What is the greatest common factor of 37059 and 297?
33
What is the greatest common factor of 181950 and 50?
50
What is the highest common divisor of 36 and 119316?
12
Calculate the greatest common factor of 1851905 and 605.
605
What is the greatest common divisor of 609126 and 42?
42
Calculate the highest common factor of 1038 and 888.
6
What is the greatest common divisor of 367996 and 197?
197
Calculate the highest common factor of 231912 and 144.
72
Calculate the highest common divisor of 404746 and 314.
314
What is the greatest common divisor of 1608 and 453?
3
Calculate the highest common factor of 219268 and 4592.
1148
Calculate the greatest common factor of 313787 and 179.
179
What is the greatest common divisor of 7769 and 17?
17
Calculate the greatest common factor of 168 and 2365608.
168
Calculate the highest common factor of 81 and 165753.
27
What is the highest common divisor of 53535 and 19995?
645
Calculate the highest common factor of 233483 and 149.
149
Calculate the greatest common divisor of 625 and 179825.
25
What is the greatest common factor of 9379 and 1079?
83
What